uppose -5*f = -c*f + 124. Calculate the remainder when 123 is divided by f.
30
Let y(h) = 6*h**2 - 10*h - 4. Suppose 0 = 2*l - 6*l. Calculate the remainder when y(-3) is divided by l/2 - 135/(-5).
26
Suppose 3*g - 123 = 3*k, -42 - 149 = 4*k + 5*g. Let s = -41 - k. Calculate the remainder when 7 is divided by s.
1
Let i be (-4)/(-16) - 7/(-4). Suppose -3*t + 40 = -i*t + 3*q, -5*q + 80 = 2*t. Suppose 4*v - 24 - t = 0. Calculate the remainder when 29 is divided by v.
13
Let t(a) = -a**2 - 8*a + 7. What is the remainder when (7 - 5)*255/6 is divided by t(-3)?
19
Let g be 3/(-1)*(-296)/6. Let v = 82 - 44. Calculate the remainder when ((-4)/2 - -3) + g is divided by v.
35
Suppose -26*k + 12081 = -5833. Calculate the remainder when k is divided by 7.
3
Let f be (1*4)/((-4)/(-84)). Suppose -22 = v - f. Suppose -61 = -5*m + 44. Calculate the remainder when v is divided by m.
20
Suppose 3*o = 20 - 2. Let n be 132/28 + o/21. Suppose 3*b + 3 = -0, n*b = -5*d + 10. What is the remainder when 11 is divided by d?
2
Let b(a) = 2*a**3 + 2*a**2 - 2*a - 1. What is the remainder when b(2) is divided by ((-12)/(-14))/(7 - 95/14)?
3
Let x(v) = v**3 - 2*v**2 - 2*v + 20. Suppose -5*g - 87 = 5*u - 507, 5*u - 5*g - 370 = 0. Calculate the remainder when u is divided by x(0).
19
Let h = -256 + 628. Suppose 3*x - h = -3*x. Calculate the remainder when x is divided by (-4)/((-48)/63)*4.
20
What is the remainder when 53 is divided by ((-12)/21)/(12/(-42)) - -12?
11
Suppose 2*a - 16 + 6 = 0. Let k(x) = 2*x**2 - x - 1. What is the remainder when k(-2) is divided by a?
4
Suppose 6*g - 959 = 793. Calculate the remainder when g is divided by 74.
70
Let r = 122 + -96. Suppose r*q = 27*q - 17. Calculate the remainder when 100 is divided by q.
15
Let b = -1427 + 1471. Calculate the remainder when 83 is divided by b.
39
Suppose -200 = 4*a + a. What is the remainder when 15 is divided by (2/(-5))/(2/a)?
7
Let c = -23 - -39. Suppose -49 = -5*s - 4*u, 5*u - 49 = -5*s + 1. Suppose -w - s = -2*w. What is the remainder when c is divided by w?
7
Let s = 19 - 14. Suppose -s*z = -72 - 58. What is the remainder when z is divided by 7?
5
Suppose -107 + 23 = -4*i. What is the remainder when 60 is divided by i?
18
Let z(v) = 10*v**2 - 50*v - 104. What is the remainder when 317 is divided by z(-2)?
29
Let i(d) = 3*d**3 - 36*d**2 + 35*d + 15. Let q(u) = u**3 - 18*u**2 + 18*u + 7. Let v(x) = 2*i(x) - 5*q(x). Calculate the remainder when 55 is divided by v(-19).
13
Calculate the remainder when 1733*-2*(-5)/10 is divided by 17.
16
Let c = -152 - -221. Calculate the remainder when c is divided by 14.
13
Let v = -1026 + 1038. Calculate the remainder when 598 is divided by v.
10
Suppose -5*f - 16*v = -18*v - 447, 4*v = 3*f - 257. What is the remainder when 312 is divided by f?
39
Let f(p) = 9*p**2 - 3*p. Let r(g) = g**2 - g. Let h(t) = f(t) - 4*r(t). Calculate the remainder when h(1) is divided by 4.
2
Suppose 6*k = -2*s + 4*k + 248, -4*s - 2*k = -490. Let n = -104 + s. What is the remainder when 46 is divided by n?
12
Let g(b) = -4*b**2 - 3*b + 52. Calculate the remainder when g(0) is divided by 8.
4
Let f be 5/((2/(-3))/(-2)). Suppose -f + 4 = -k. What is the remainder when 20 is divided by k?
9
Let z be 4 + (3 - (7 + -3)). Suppose -y + 22 = -z. What is the remainder when 74 is divided by y?
24
Let n(a) = -a**3 + 14*a**2 + 14*a + 21. Let z be n(15). Suppose -10*v = -8*v - z. Calculate the remainder when 4 is divided by v.
1
Suppose -u = -2*d + 4*u - 22, 5*d + 3*u = -24. Let w be (-1)/(d/(-21))*2. Calculate the remainder when (w/2 - -1)*-26 is divided by 33.
32
Suppose 6*f - 29 + 5 = 0. Suppose f*h = -h + 155. Calculate the remainder when h is divided by 9.
4
Let m = -2 + 11. What is the remainder when (-52 + 12)/((-4)/6) is divided by m?
6
Let f(r) = -7*r + 111. Suppose 5*i + 73 = 258. Calculate the remainder when i is divided by f(14).
11
Suppose 0 = 3*x + 3*b - 27, -3*b + 0*b + 15 = 0. Let y(a) be the third derivative of a**4/6 + a**3/2 - a**2. Calculate the remainder when 36 is divided by y(x).
17
Let m(n) = -n**3 - 13*n**2 - 23*n - 37. Calculate the remainder when m(-13) is divided by 55.
42
Let f = 596 + -592. What is the remainder when 9 is divided by f?
1
Suppose -p + 0 = -2. Let t be (-75)/(-9) - p/(-3). Let q = t - -2. Calculate the remainder when 20 is divided by q.
9
Let q = -612 - -659. What is the remainder when 421 is divided by q?
45
Let q(a) = 28*a**3 - 61*a**3 - 1 - 25*a**3. Let g(r) = -r**2 + 5*r + 5. Let w be g(6). Calculate the remainder when q(w) is divided by 15.
12
Suppose -6*t = -t - 185. Suppose 0 = -168*k + 162*k + 132. What is the remainder when t is divided by k?
15
Suppose 3*f - 2*j + 27 = 6*f, -3*f + 2*j = -39. Calculate the remainder when 40 is divided by f.
7
Let f = -429 + 473. Calculate the remainder when 1098 is divided by f.
42
Calculate the remainder when 30 is divided by 19 - ((35/(-5) - -5) + 3).
12
Let z be ((-2)/3*3)/(2/(-13)). Let d(c) = c**2 - 16*c + 51. What is the remainder when 34 is divided by d(z)?
10
Let b(q) = 2*q**2 + 7*q - 2. Let i = 2 - 5. Let t(h) = -h**2 - 8*h + 3. Let m(j) = i*t(j) - 2*b(j). What is the remainder when m(6) is divided by 10?
9
Suppose -101*n - 76 = -103*n. What is the remainder when n is divided by -6*3/(-2) + -1?
6
Let o(f) = -35*f + 192. Calculate the remainder when o(5) is divided by 10.
7
Suppose 0 = 6*t - t - 75. Calculate the remainder when 222 is divided by t.
12
Let z(i) be the third derivative of -i**5/60 + 13*i**4/24 - 17*i**3/6 + 7*i**2. Let s = 96 + -46. Calculate the remainder when s is divided by z(10).
11
Let r(j) = 18*j**2 - 2*j. What is the remainder when r(2) is divided by 2*(0 + -1) + 111/3?
33
Let h(g) = 3*g**3 - g**2 - 4*g + 2. What is the remainder when 64 is divided by h(2)?
8
Let o(r) = -r**3 - 10*r**2 + 16*r + 47. Calculate the remainder when o(-12) is divided by 29.
27
Let m be 3 - -1 - 75/(-10)*-22. Let w = m - -165. Calculate the remainder when w is divided by (-16)/(-6) - (-2)/6.
1
Let z(u) = -7*u**2 - 88*u - 3. Calculate the remainder when 62 is divided by z(-12).
17
Let u = 54 + -35. Suppose -a + 3*c = -23 - 56, -a - c = -87. Suppose i + y - u = 3*y, -a = -5*i + 5*y. Calculate the remainder when 42 is divided by i.
12
Suppose 17*o - 1713 - 1891 = 0. What is the remainder when o is divided by 66?
14
Let l(f) = f**3 - 7*f**2 + 5*f + 10. Let h be l(6). Suppose -i + 4*s + h = 0, -i - 2*s + 9 = -s. What is the remainder when i is divided by 3?
2
Let p(u) = -3*u**3 + 60*u**2 - u + 29. Let y = 52 + 10. What is the remainder when y is divided by p(20)?
8
Let d = 803 - 763. Calculate the remainder when 154 is divided by d.
34
Let f = -46 + 48. Suppose -f*i = -2*z - 42, 2*z + 17 = -2*i + 3*i. What is the remainder when 96 is divided by i?
21
Let p be (9/6)/(3/4). Suppose p*l = 13*l - 121. What is the remainder when 63 is divided by l?
8
Suppose 0 = 68*q - 71*q + 819. Calculate the remainder when q is divided by 57.
45
Suppose 3*v + 12 = 21, 5*v + 5 = u. Calculate the remainder when 239 is divided by u.
19
Suppose -150*t + 122*t = -1176. What is the remainder when t is divided by -5*(176/10)/(-4)?
20
Let w = -22 + 33. Suppose 5 + w = 4*p. Suppose 3*z = 3*y + 54, -p*y + y + 6 = z. Calculate the remainder when z is divided by 8.
7
Let m = 9 + -4. Suppose -m*f - 35 = 10. Calculate the remainder when (46/(-6))/(1/f) is divided by 18.
15
Let w(u) = -19*u**3 + 2*u**2 + u + 1. What is the remainder when 43 is divided by w(-1)?
1
Suppose 6*c + 3 - 69 = 0. Let g(t) = 4*t - 1. Suppose 3*u - 20 - 9 = 4*p, 4*u - p - 56 = 0. Calculate the remainder when g(c) is divided by u.
13
Suppose 10*w - 124 = 346. Calculate the remainder when 101 is divided by w.
7
Let h = -1283 - -1291. Calculate the remainder when 15 is divided by h.
7
Suppose 4*j - 596 = -5*q, 42*j - 40*j = -2*q + 238. What is the remainder when 351 is divided by q?
111
Let w(x) = -x**2 + 4*x. Let y be w(4). Suppose 3*b = -y*b. Suppose 2*n + b*n = 12. What is the remainder when 22 is divided by n?
4
Suppose -5*p + 4*a + 69 = 0, 5*a - 7*a + 37 = 3*p. What is the remainder when p is divided by 13?
0
Suppose 2 = -5*g + 7. Let q = 433 + -431. Calculate the remainder when q is divided by g.
0
Let a(o) = o**3 + 19*o**2 + 17*o - 13. Let c be a(-18). Suppose 3*j = -3*